 -7 + 0 + -63.
-56
What is the value of (14 - 1 - (50 - -16)) + 1?
-52
Evaluate -5 + 3 + (-1 - (22 - 0)).
-25
Calculate 64 + -63 + 16 - (5 + -7 + 87).
-68
Calculate 23 - (-13 - (-3 - 12)) - 43.
-22
What is the value of ((2 - (-14 + 9)) + -18 - (-25 + 3)) + 38?
49
(-102 - -141) + 8 + -15 + -9
23
Evaluate -4 + -77 - -16 - (-3 + -13 + 6).
-55
Calculate (-16 + 27 + -18 + 7 - -13) + -2 + 10.
21
Evaluate -8 - (0 - -4 - (0 + (-6 - (5 - 12)))).
-11
-19 + 9 - -20 - (11 - (-6 + -9))
-16
33010 + -32940 + (-7 - 2) + 1
62
What is the value of (40 + -20 + -1 + 7 - -7) + 13?
46
8 + -1 + -70 + (115 - 124)
-72
What is 226 + -76 + 95 + -128?
117
What is -62 - (21 - (-11 - -21) - (-2 + -1))?
-76
Calculate -55 + -59 + (322 - 134).
74
(-13 - (-12 + 0)) + (20 - (58 + 23))
-62
(26 - -4) + -36 - (-3 + 8 - -19)
-30
What is the value of 106 + -104 + 10 + (7 - -1)?
20
Evaluate -19 + (-2 + -11 + 7 - (6 + -5)).
-26
Calculate -113 + (-27 + 41 - -27).
-72
What is -19 + (-18 - -119 - -25)?
107
What is -26 + (-12 - (49 + -79))?
-8
(-123 - -98) + (-16 - -3 - -33)
-5
Calculate -2 - -13 - (7 - -5) - (6 - 10) - 35.
-32
-35 + -8 - (-53 + -18)
28
-5 + -3 + 12 + (-1 - (2 + 4) - -1)
-2
What is -16 + (14 - 11) - (-55 + 21 - 11)?
32
Calculate -4 + -82 - (-2 - (21 + -29) - (1 + 11)).
-80
What is -4 + 3 - ((16 - 23) + 10) - -10 - -8?
14
What is -23 + (40 - -1) + -45?
-27
What is the value of (-93 - -40 - -187) + -53?
81
Calculate 53 - (-49 - -34 - -55) - (0 + -3).
16
What is (27 - 41 - -15) + -1 + 13 + -1?
12
Calculate -11 - (30 - 19 - 5) - -19.
2
-9437 + 9445 - (1 + 58 + 0)
-51
What is 51 + 36 - ((1 - 0 - 1) + 11) - 4?
72
Evaluate (-43 - 42 - -103) + 62.
80
Evaluate 1 + 28 + -1229 + 1250.
50
What is the value of (-22 - (5 - -3 - 18)) + 3 + 16?
7
What is 355 - 382 - (-121 + 8)?
86
What is the value of -8 + -58 + (1379 - 1331)?
-18
What is -85 + (-2 - (23 + 9 + -15))?
-104
What is the value of -110 + 339 + -128 + -61?
40
Evaluate 898 + -850 - (-2 - -15).
35
Evaluate (44 - 3) + (-5 + -25 + 9 - -9).
29
Calculate 169 + -84 - (-1 - 25 - (17 + -28)).
100
What is the value of -27 - (-77 - (46 - (-27 + 39)))?
84
Calculate 30 - (41 + 5 + -29).
13
Evaluate 85 + 7 + -39 + -36.
17
What is the value of (32 - -2) + (-30 - -12) - 72?
-56
(36 - (-16 - -52)) + (2 - -1 - -77)
80
64 + (-12 - (6 - (6 + -6 + 4)))
50
-14 - (-103 - ((18 - 5) + -16 + -19))
67
(83 - -11) + 3 + (-10 - 11) - -20
96
Calculate 0 + (-5 - (2 - 7)) - ((-4 - 17) + -57).
78
Evaluate -22 + -33 + (166 - 25) - (0 + 10).
76
Evaluate -23 + (5 + 3 - ((-6 - -7) + -4)) + 0.
-12
What is the value of -125 + 122 + -90 + 0 - 40?
-133
Calculate -9 - 5 - (-136 - -93 - (-7 + 1)).
23
Evaluate 57 - 39 - (50 + -19) - (-6 + 36).
-43
What is 16 + (21 - 20) + -61 + (1 - 2) + 8?
-37
What is 31 + 4 + -6 + 0 + (-1 - 11)?
17
What is 22 + ((-23 - -54) + -12 - 28)?
13
-4 - (-408 + 419 - (-1 + (11 - 0)))
-5
4 + (-17 + -17 - 41)
-71
Calculate -63 - ((-12 - -1) + (-43 + 93 - 23)).
-79
(4 - 86) + 6 - ((-7 - (-30 + -19)) + -27)
-91
Calculate 29 - 21 - (-12 + 3 + 4).
13
19 + (-24 - (10 - 57))
42
Evaluate -8 - (-6 + -6 + (-50 - -4) + 14 + -4).
40
Calculate 12 - ((4 - -46) + -10).
-28
What is (57 - (37 + 28)) + (2 + 0 - 0) + 9?
3
What is the value of -4 + 9 - (-43 + (-4 - 7 - -4) + 3)?
52
What is 0 + -126 + (-3 - 10 - -33 - 5 - 25)?
-136
97 - (-45 + 128) - (-1 - -29)
-14
4 + 24 + 0 - 10 - (47 - -24)
-53
(-79 + 103 - (-20 + 1)) + 16 - -1
60
Evaluate 7 - (16 - -5) - (31 - (-6 + 7)).
-44
What is the value of -3 - (-31 + 15 - -15 - (-43 - 1))?
-46
Calculate -27 + (-2038 + 2046 - (-1 + -3 + 7)).
-22
What is the value of (3 - -5) + 31 - 0 - (64 - 86)?
61
Evaluate -4 - (-89 + (65 - 37)).
57
333 + -126 - 52 - 97
58
What is 27 + (-19 - (11 - -2)) - -29?
24
Evaluate -61 - (3 + (-3 - -1) + (-26 - (-41 + 7))).
-70
Calculate (66 - -14) + -92 + 42.
30
What is (2 - (10 + -8) - -63) + (9 - 6) + -12?
54
What is 1 - -16 - (37 + (-61 - -42))?
-1
Evaluate (-5 - (3 - 6)) + (6 - 7 - 5) + 71.
63
What is the value of 59 + (-343 - -106) + 73?
-105
9 + (-15 - 1) + (-82 - -163)
74
15 + -1 + -31 + 30 + -48
-35
What is -1 - -8 - ((74 - 21 - 12) + -24)?
-10
What is the value of 49 + -10 + (4 - (-8 + -2)) + -7 - 2?
44
(100 - (0 + 16 + 274 + -276)) + -10
76
Evaluate 1 + (22 - (-13 - (3 - (25 + -1 - 10)))).
25
What is the value of 115 + -208 + 34 + 141?
82
Evaluate (364 - 339) + (-49 - -8).
-16
12300 + -12261 - (0 + 29 - -1)
9
Evaluate (1 - -11) + -4794 + 4800.
18
-12 + 39 + -24 + 26 + 15
44
What is the value of 0 + 8 + (-186 - -151) + (32 - -1) + -29?
-23
Evaluate 4 - (2 + 40 + 54 + -40).
-52
Calculate -4 + 1 + -55 + 70 + 35.
47
Calculate -110 + (113 - 64 - -41).
-20
What is the value of (-5 - -3) + 1 + 95 + -21 + 37 + -7?
103
What is 0 - (3 + -18) - (26 - 24) - (-13 + 116)?
-90
(-4 - (1 - 2)) + (-20 - (-68 + 55))
-10
Calculate -1 + -124 - (-49 + 28 - (0 - 36) - 21).
-119
Calculate -23 + (-40 - (4 + -27)) + 2 + 4.
-34
Evaluate 1 + 3 + -12 + 8 + -16 + -31.
-47
What is the value of -5 + -17 + (-4 - -3) - (28 + 39 + -65)?
-25
Evaluate -9 + (-6 - 7) + -13 - (0 + (0 - 0)).
-35
Evaluate (15 - -21) + (-49 - -14) + 21.
22
Calculate -26 - (-8 + (-20 - -27) - -22).
-47
What is (-76 + 32 + 32 - (4 + -1)) + 55?
40
Evaluate 40 + 46 + -17 + 27 - 25.
71
What is the value of ((-10 - -33) + 23 - -3) + (-2 - 3)?
44
Evaluate -29 + 3 - (-53 - -8 - -47).
-28
-58 - (-16 - -40) - -67
-15
What is the value of 51 - -1 - (56 + 25 - 70)?
41
Evaluate (-8 - -5) + 7 + 1 + -435 + 441.
11
What is 39 + -10 - (-147 + 148)?
28
Calculate (18 - 31 - 9 - -3) + (0 - 11).
-30
Evaluate -16 - (-122 + 148 + -70).
28
-10 + (-8 - (-3 + -33)) + 45 + -37
26
What is 99 + -196 + 188 + -93?
-2
Calculate 1609 - 1551 - (91 - 0).
-33
What is -4 - (-52 - 3) - (22 + -8 + -1)?
38
Calculate -25 - -16 - (-89 + (5 - 1) + (35 - 27)).
68
What is -106 + (-12 - (-94 + -120))?
96
What is the value of 37 - (-41 - ((14 - 21) + 0))?
71
Calculate -288 + 35 + 273 - (104 + -2 + 1).
-83
Evaluate -24 + (-22 - (-28 - -12)) + -14.
-44
Evaluate 8 + 6 + -18 + 3 + 2 - 27.
-26
Calculate 18 + 1 + -1 - (-401 + 396) - -12.
35
-67 - (10 + (-4 - 7) + 21)
-87
-5 + 1 + (1301 - 1299)
-2
What is the value of (-4 - 0) + 110 + -138 + 26?
-6
Evaluate -97 + (-10 + 3 + 0 - (35 - 32)).
-107
Evaluate -107 + 74 + -75 + 9.
-99
What is -89 + -11 + -19 + 30 - -11?
-78
What is 40 - -25 - (24 + -33)?
74
Evaluate -28 + 93 - (18 - (13 + -1 - 13)).
46
Evaluate 24 + (7 - -12) + -25 + -17.
1
What is the value of 13 - (-8 - (-28 - (-10 + -10)))?
13
What is the value of (182 - 146) + (-19 - 5) - 51?
-39
What is the value of (20 + -2 - 17 - 91) + 29?
-61
-19 + 30 + -36 + (5 - 5)
-25
Calculate (-64 - (75 - 12)) + 6 + 1 + -1.
-121
Calculate -22 + 4 - -4 - (39 + (-45 - -4)) - -132.
120
Evaluate 58 + (-4 - -4 - 8) + (-148 - -145).
47
Evaluate -47 - ((-23 - 0) + (4 - 12) + 20).
-36
What is the value of -72 - 17 - (-26 + -114)?
51
What is 11 - (-23 - 0 - 0)?
34
Evaluate 0 + 38 - (-2548 - -2528).
58
Evaluate (3 - (5 - 3)) + -22 + 57 + (-1 - 2).
33
Calculate (-15 - (-7 - -16) - -24) + (-78 - -9).
-69
Calculate -2 + 2 + -1 - (32 + (25 - 88)).
30
What is the value of -56 - ((-9 + (15 - -7) - 12) + -11)?
-46
Evaluate (79 + -5 - (-78 - -89)) + 2 + -1.
64
Calculate -6 + (18 - 7) + -51 + 10.
-36
Evaluate -21 - (-3 + -9) - 3 - 5 - (-3 + 8).
-22
Evaluate (-67 - (60 - 107)) + 3.
-17
What is (5 - -13) + -8 - (-2 + 12 + 1)?
-1
What is -5 + (-12 - -14) + 13 - (44 + -1 + -1)?
-32
(30 + 6 + -8 - 14) + -190 + 72
-104
Evaluate (-9 + (-10 - (-15 - 2)) + -10 - -6) + -108.
-114
Evaluate 12 - -23 - (43 - -11).
-19
Calculate 57 - (8 - (-5 - -4)) - (-6 + (13 - 8)).
49
Evaluate -160 + (18 + 50 - -60).
-32
What is -100 - 49 - -170 - (145 + -1)?
-123
Calculate (-1 - -7 - -79) + 3 + 1028 + -1006.
110
Calculate (-200 - -190) + 0 + 90 - (49 + -50).
81
Calculate -343 + 165 + 163 + 25 + 0.
10
Calculate -74 + -18 + 3 + 9 + 17.
-63
Evaluate (-7 + -16 - -78) + -25 - -26.
56
What is -2 + 83 - (-19 + (-21 + 23 - -6))?
92
Evaluate (16 - -16) + (-29 - 15) + -9.
-21
8 + (-51 - -20) + 1 + 17
-5
Evaluate (9 - 1) + -1 + -56 + 525 + -499.
-23
What is (-7 - (-25 + 12)) + -6 + 0?
0
Evaluate 59 + 2 + (-37 - (-29 + 16)).
37
(-40 - -100 - 25) + -65
-30
Evaluate (-38 - (46 + -60)) + 1 + 8 + -32.
-47
-14 + -129 + 8 - -24 - (11 - 0)
-122
Evaluate (-123 - -84) +